{"id":42,"date":"2016-05-03T12:37:24","date_gmt":"2016-05-03T11:37:24","guid":{"rendered":"http:\/\/www.comaquilutte.fr\/?page_id=42"},"modified":"2016-11-03T16:55:23","modified_gmt":"2016-11-03T15:55:23","slug":"creer-son-club-de-lutte","status":"publish","type":"page","link":"https:\/\/www.comaquilutte.fr\/index.php\/creer-son-club-de-lutte\/","title":{"rendered":"Cr\u00e9er son club de Lutte"},"content":{"rendered":"<p>&nbsp;<\/p>\n<table>\n<tbody>\n<tr style=\"height: 398px;\">\n<td style=\"height: 398px;\"><img loading=\"lazy\" decoding=\"async\" data-attachment-id=\"43\" data-permalink=\"https:\/\/www.comaquilutte.fr\/index.php\/creer-son-club-de-lutte\/fflcreersonclub\/\" data-orig-file=\"https:\/\/i0.wp.com\/www.comaquilutte.fr\/wp-content\/uploads\/2016\/05\/FFLCreersonclub.png?fit=328%2C456&amp;ssl=1\" data-orig-size=\"328,456\" data-comments-opened=\"0\" data-image-meta=\"{&quot;aperture&quot;:&quot;0&quot;,&quot;credit&quot;:&quot;&quot;,&quot;camera&quot;:&quot;&quot;,&quot;caption&quot;:&quot;&quot;,&quot;created_timestamp&quot;:&quot;0&quot;,&quot;copyright&quot;:&quot;&quot;,&quot;focal_length&quot;:&quot;0&quot;,&quot;iso&quot;:&quot;0&quot;,&quot;shutter_speed&quot;:&quot;0&quot;,&quot;title&quot;:&quot;&quot;,&quot;orientation&quot;:&quot;0&quot;}\" data-image-title=\"FFLCreersonclub\" data-image-description=\"\" data-image-caption=\"\" data-medium-file=\"https:\/\/i0.wp.com\/www.comaquilutte.fr\/wp-content\/uploads\/2016\/05\/FFLCreersonclub.png?fit=216%2C300&amp;ssl=1\" data-large-file=\"https:\/\/i0.wp.com\/www.comaquilutte.fr\/wp-content\/uploads\/2016\/05\/FFLCreersonclub.png?fit=328%2C456&amp;ssl=1\" class=\"alignnone size-medium wp-image-43\" src=\"https:\/\/i1.wp.com\/www.comaquilutte.fr\/wp-content\/uploads\/2016\/05\/FFLCreersonclub-216x300.png?resize=216%2C300\" alt=\"FFLCreersonclub\" width=\"216\" height=\"300\" srcset=\"https:\/\/i0.wp.com\/www.comaquilutte.fr\/wp-content\/uploads\/2016\/05\/FFLCreersonclub.png?resize=216%2C300&amp;ssl=1 216w, https:\/\/i0.wp.com\/www.comaquilutte.fr\/wp-content\/uploads\/2016\/05\/FFLCreersonclub.png?resize=194%2C270&amp;ssl=1 194w, https:\/\/i0.wp.com\/www.comaquilutte.fr\/wp-content\/uploads\/2016\/05\/FFLCreersonclub.png?w=328&amp;ssl=1 328w\" sizes=\"auto, (max-width: 216px) 100vw, 216px\" data-recalc-dims=\"1\" \/><\/td>\n<td style=\"height: 398px;\"><\/td>\n<td style=\"height: 398px;\">Les \u00e9tapes :<\/p>\n<p>\u00a7\u00a0 <a href=\"http:\/\/www.fflutte.com\/fichiers\/ffl-guide-du-club-etape-1-1-1513935498\"><strong>Cr\u00e9er une association loi 1901<\/strong><\/a><\/p>\n<p>\u00a7\u00a0 <a href=\"http:\/\/www.fflutte.com\/fichiers\/ffl-guide-du-club-5-bd-1-1628770017\"><strong>Affiliation \u00e0 la FFL<\/strong><\/a><\/p>\n<p>\u00a7\u00a0 <a href=\"http:\/\/www.fflutte.com\/fichiers\/ffl-guide-du-club-6-bd-2-528416860\"><strong>Licencier les adh\u00e9rents<\/strong><\/a><\/p>\n<p>\u00a7\u00a0 <a href=\"http:\/\/www.fflutte.com\/fichiers\/ffl-guide-du-club-6-bd-1-43409800\"><strong>Obtenir l&rsquo;agr\u00e9ment sport<\/strong><\/a><\/p>\n<p>&nbsp;<\/p>\n<p><strong>Le guide du club<\/strong><\/p>\n<p>Ce guide pratique est destin\u00e9 aux dirigeants de clubs de lutte et disciplines associ\u00e9es.<br \/>\nAdapt\u00e9 aux n\u00e9ophytes comme aux dirigeants confirm\u00e9s, vous y trouverez des informations utiles pour la cr\u00e9ation d&rsquo;un club, sa structuration et son d\u00e9veloppement<\/p>\n<p>&nbsp;<\/td>\n<\/tr>\n<\/tbody>\n<\/table>\n<p><strong>Les fiches pratiques :\u00a010 fiches th\u00e9matiques \u00e0 t\u00e9l\u00e9charger<\/strong><strong>\u00a0<\/strong><\/p>\n<p><strong>PARTIE 1 : COMMENT CREER UN CLUB ?<\/strong><\/p>\n<table width=\"540\">\n<tbody>\n<tr>\n<td>\u00a7\u00a0 <a href=\"http:\/\/www.fflutte.com\/fichiers\/creer-une-association-loi-19011585661517\"><strong>Cr\u00e9er une association loi 1901<\/strong><\/a><\/p>\n<p>\u00a7\u00a0 <a href=\"http:\/\/www.fflutte.com\/fichiers\/affiliation-a-la-ffl1590547538\"><strong>Affiliation \u00e0 la FFL<\/strong><\/a><\/p>\n<p>\u00a7\u00a0 <a href=\"http:\/\/www.fflutte.com\/fichiers\/licencier-les-adherents956597545\"><strong>Licencier les adh\u00e9rents<\/strong><\/a><\/p>\n<p>\u00a7\u00a0 <a href=\"http:\/\/www.fflutte.com\/fichiers\/obtenir-lragrement-sport31591163\"><strong>Obtenir l\u2019agr\u00e9ment sport<\/strong><\/a><\/td>\n<\/tr>\n<\/tbody>\n<\/table>\n<p><strong>\u00a0PARTIE 2 : COMMENT STRUCTURER SON CLUB ?<\/strong><\/p>\n<table width=\"540\">\n<tbody>\n<tr>\n<td>\u00a7\u00a0 <a href=\"http:\/\/www.fflutte.com\/fichiers\/organisation-administrative-et-statutaire1282241579\"><strong>Organisation administrative et statutaire<\/strong><\/a><\/p>\n<p>\u00a7\u00a0 <a href=\"http:\/\/www.fflutte.com\/fichiers\/gerer-son-budget1906356361\"><strong>G\u00e9rer son budget<\/strong><\/a><\/p>\n<p>\u00a7\u00a0 <a href=\"http:\/\/www.fflutte.com\/fichiers\/conditions-techniques583368132\"><strong>Conditions techniques<\/strong><\/a><\/p>\n<p>\u00a7\u00a0 <a href=\"http:\/\/www.fflutte.com\/fichiers\/se-faire-connaitre791712241\"><strong>Se faire connaitre<\/strong><\/a><\/td>\n<\/tr>\n<\/tbody>\n<\/table>\n<p><strong>PARTIE 3 : COMMENT DEVELOPPER SON CLUB ?<\/strong><\/p>\n<table width=\"540\">\n<tbody>\n<tr>\n<td>\u00a7\u00a0 <a href=\"http:\/\/www.fflutte.com\/fichiers\/le-projet-club1872344693\"><strong>Le projet club<\/strong><\/a><\/p>\n<p>\u00a7\u00a0 <a href=\"http:\/\/www.fflutte.com\/fichiers\/moyens-daction-les-dispositifs-d-aide-au-developpement-de-projet802676808\"><strong>Moyens d&rsquo;action : les dispositifs d&rsquo;aide au d\u00e9veloppement de projet<\/strong><\/a><\/td>\n<\/tr>\n<\/tbody>\n<\/table>\n<p><strong>T\u00e9l\u00e9charger le\u00a0<\/strong><a href=\"http:\/\/www.fflutte.com\/fichiers\/guide-du-club1409212375\"><strong>guide du club<\/strong><\/a><strong>\u00a0complet<\/strong><\/p>\n<p><strong>Les annexes \u00e0 t\u00e9l\u00e9charger\u00a0<\/strong>:<\/p>\n<ul>\n<li><a href=\"http:\/\/www.fflutte.com\/fichiers\/modele-de-statuts1792083204\"><strong>Mod\u00e8le de statuts<\/strong><\/a><\/li>\n<li><a href=\"http:\/\/www.fflutte.com\/fichiers\/formulaire-de-modification-des-statuts-cerfa-13972232651239\"><strong>Formulaire cerfa de modification des statuts<\/strong><\/a><\/li>\n<li><a href=\"http:\/\/www.fflutte.com\/fichiers\/formulaire-de-creation-d-association1407374863\"><strong>Formulaire de cr\u00e9ation d&rsquo;association<\/strong><\/a><\/li>\n<li><a href=\"http:\/\/www.fflutte.com\/fichiers\/formulaire-de-recu-de-don69135210\"><strong>Formulaire de re\u00e7u de don cerfa<\/strong><\/a><\/li>\n<li><a href=\"http:\/\/www.fflutte.com\/userfiles\/Tableau%20vierge%20de%20pr%C3%A9sentation%20d'action.doc\"><strong>Tableau de pr\u00e9sentation d&rsquo;action vierge<\/strong><\/a><\/li>\n<li><a href=\"http:\/\/www.fflutte.com\/fichiers\/projet-federal-ffl-2013-2017-plans-dactions-prioritaires-2-919467656\"><strong>Projet f\u00e9deral 2013-2017<\/strong><\/a><\/li>\n<li><strong><a href=\"http:\/\/www.fflutte.com\/fichiers\/plaquette-2-1116841786\">Plaquette \u00ab\u00a0FEDERER &#8211; ACCOMPAGNER &#8211; PROFESSIONNALISER\u00a0\u00bb<\/a><\/strong><\/li>\n<\/ul>\n","protected":false},"excerpt":{"rendered":"<p>&nbsp; Les \u00e9tapes : \u00a7\u00a0 Cr\u00e9er une association loi 1901 \u00a7\u00a0 Affiliation \u00e0 la FFL \u00a7\u00a0 Licencier les adh\u00e9rents \u00a7\u00a0 Obtenir l&rsquo;agr\u00e9ment sport &nbsp; Le guide du club Ce guide pratique est destin\u00e9 aux dirigeants de clubs de lutte et disciplines associ\u00e9es. Adapt\u00e9 aux n\u00e9ophytes comme aux dirigeants confirm\u00e9s, vous y trouverez des informations utiles&hellip; <br \/> <a class=\"read-more\" href=\"https:\/\/www.comaquilutte.fr\/index.php\/creer-son-club-de-lutte\/\">Lire la suite<\/a><\/p>\n","protected":false},"author":2,"featured_media":191,"parent":0,"menu_order":0,"comment_status":"closed","ping_status":"closed","template":"","meta":{"spay_email":"","footnotes":""},"class_list":["post-42","page","type-page","status-publish","has-post-thumbnail","hentry"],"yoast_head":"<!-- This site is optimized with the Yoast SEO plugin v17.8 - https:\/\/yoast.com\/wordpress\/plugins\/seo\/ -->\n<title>Cr\u00e9er son club de Lutte -<\/title>\n<meta name=\"robots\" content=\"index, follow, max-snippet:-1, max-image-preview:large, max-video-preview:-1\" \/>\n<link rel=\"canonical\" href=\"https:\/\/www.comaquilutte.fr\/index.php\/creer-son-club-de-lutte\/\" \/>\n<meta property=\"og:locale\" content=\"fr_FR\" \/>\n<meta property=\"og:type\" content=\"article\" \/>\n<meta property=\"og:title\" content=\"Cr\u00e9er son club de Lutte -\" \/>\n<meta property=\"og:description\" content=\"&nbsp; Les \u00e9tapes : \u00a7\u00a0 Cr\u00e9er une association loi 1901 \u00a7\u00a0 Affiliation \u00e0 la FFL \u00a7\u00a0 Licencier les adh\u00e9rents \u00a7\u00a0 Obtenir l&rsquo;agr\u00e9ment sport &nbsp; Le guide du club Ce guide pratique est destin\u00e9 aux dirigeants de clubs de lutte et disciplines associ\u00e9es. Adapt\u00e9 aux n\u00e9ophytes comme aux dirigeants confirm\u00e9s, vous y trouverez des informations utiles&hellip; Lire la suite\" \/>\n<meta property=\"og:url\" content=\"https:\/\/www.comaquilutte.fr\/index.php\/creer-son-club-de-lutte\/\" \/>\n<meta property=\"article:modified_time\" content=\"2016-11-03T15:55:23+00:00\" \/>\n<meta property=\"og:image\" content=\"https:\/\/i2.wp.com\/www.comaquilutte.fr\/wp-content\/uploads\/2016\/05\/LLSLIDE.jpg?fit=1400%2C934&#038;ssl=1\" \/>\n\t<meta property=\"og:image:width\" content=\"1400\" \/>\n\t<meta property=\"og:image:height\" content=\"934\" \/>\n<meta name=\"twitter:card\" content=\"summary\" \/>\n<meta name=\"twitter:label1\" content=\"Dur\u00e9e de lecture estim\u00e9e\" \/>\n\t<meta name=\"twitter:data1\" content=\"1 minute\" \/>\n<script type=\"application\/ld+json\" class=\"yoast-schema-graph\">{\"@context\":\"https:\/\/schema.org\",\"@graph\":[{\"@type\":\"WebSite\",\"@id\":\"https:\/\/www.comaquilutte.fr\/#website\",\"url\":\"https:\/\/www.comaquilutte.fr\/\",\"name\":\"\",\"description\":\"Comit\\u00e9 R\\u00e9gional Nouvelle Aquitaine\",\"potentialAction\":[{\"@type\":\"SearchAction\",\"target\":{\"@type\":\"EntryPoint\",\"urlTemplate\":\"https:\/\/www.comaquilutte.fr\/?s={search_term_string}\"},\"query-input\":\"required name=search_term_string\"}],\"inLanguage\":\"fr-FR\"},{\"@type\":\"ImageObject\",\"@id\":\"https:\/\/www.comaquilutte.fr\/index.php\/creer-son-club-de-lutte\/#primaryimage\",\"inLanguage\":\"fr-FR\",\"url\":\"https:\/\/i2.wp.com\/www.comaquilutte.fr\/wp-content\/uploads\/2016\/05\/LLSLIDE.jpg?fit=1400%2C934&ssl=1\",\"contentUrl\":\"https:\/\/i2.wp.com\/www.comaquilutte.fr\/wp-content\/uploads\/2016\/05\/LLSLIDE.jpg?fit=1400%2C934&ssl=1\",\"width\":1400,\"height\":934},{\"@type\":\"WebPage\",\"@id\":\"https:\/\/www.comaquilutte.fr\/index.php\/creer-son-club-de-lutte\/#webpage\",\"url\":\"https:\/\/www.comaquilutte.fr\/index.php\/creer-son-club-de-lutte\/\",\"name\":\"Cr\\u00e9er son club de Lutte -\",\"isPartOf\":{\"@id\":\"https:\/\/www.comaquilutte.fr\/#website\"},\"primaryImageOfPage\":{\"@id\":\"https:\/\/www.comaquilutte.fr\/index.php\/creer-son-club-de-lutte\/#primaryimage\"},\"datePublished\":\"2016-05-03T11:37:24+00:00\",\"dateModified\":\"2016-11-03T15:55:23+00:00\",\"breadcrumb\":{\"@id\":\"https:\/\/www.comaquilutte.fr\/index.php\/creer-son-club-de-lutte\/#breadcrumb\"},\"inLanguage\":\"fr-FR\",\"potentialAction\":[{\"@type\":\"ReadAction\",\"target\":[\"https:\/\/www.comaquilutte.fr\/index.php\/creer-son-club-de-lutte\/\"]}]},{\"@type\":\"BreadcrumbList\",\"@id\":\"https:\/\/www.comaquilutte.fr\/index.php\/creer-son-club-de-lutte\/#breadcrumb\",\"itemListElement\":[{\"@type\":\"ListItem\",\"position\":1,\"name\":\"Accueil\",\"item\":\"https:\/\/www.comaquilutte.fr\/\"},{\"@type\":\"ListItem\",\"position\":2,\"name\":\"Cr\\u00e9er son club de Lutte\"}]}]}<\/script>\n<!-- \/ Yoast SEO plugin. -->","yoast_head_json":{"title":"Cr\u00e9er son club de Lutte -","robots":{"index":"index","follow":"follow","max-snippet":"max-snippet:-1","max-image-preview":"max-image-preview:large","max-video-preview":"max-video-preview:-1"},"canonical":"https:\/\/www.comaquilutte.fr\/index.php\/creer-son-club-de-lutte\/","og_locale":"fr_FR","og_type":"article","og_title":"Cr\u00e9er son club de Lutte -","og_description":"&nbsp; Les \u00e9tapes : \u00a7\u00a0 Cr\u00e9er une association loi 1901 \u00a7\u00a0 Affiliation \u00e0 la FFL \u00a7\u00a0 Licencier les adh\u00e9rents \u00a7\u00a0 Obtenir l&rsquo;agr\u00e9ment sport &nbsp; Le guide du club Ce guide pratique est destin\u00e9 aux dirigeants de clubs de lutte et disciplines associ\u00e9es. Adapt\u00e9 aux n\u00e9ophytes comme aux dirigeants confirm\u00e9s, vous y trouverez des informations utiles&hellip; Lire la suite","og_url":"https:\/\/www.comaquilutte.fr\/index.php\/creer-son-club-de-lutte\/","article_modified_time":"2016-11-03T15:55:23+00:00","og_image":[{"width":1400,"height":934,"url":"https:\/\/i2.wp.com\/www.comaquilutte.fr\/wp-content\/uploads\/2016\/05\/LLSLIDE.jpg?fit=1400%2C934&ssl=1","type":"image\/jpeg"}],"twitter_card":"summary","twitter_misc":{"Dur\u00e9e de lecture estim\u00e9e":"1 minute"},"schema":{"@context":"https:\/\/schema.org","@graph":[{"@type":"WebSite","@id":"https:\/\/www.comaquilutte.fr\/#website","url":"https:\/\/www.comaquilutte.fr\/","name":"","description":"Comit\u00e9 R\u00e9gional Nouvelle Aquitaine","potentialAction":[{"@type":"SearchAction","target":{"@type":"EntryPoint","urlTemplate":"https:\/\/www.comaquilutte.fr\/?s={search_term_string}"},"query-input":"required name=search_term_string"}],"inLanguage":"fr-FR"},{"@type":"ImageObject","@id":"https:\/\/www.comaquilutte.fr\/index.php\/creer-son-club-de-lutte\/#primaryimage","inLanguage":"fr-FR","url":"https:\/\/i2.wp.com\/www.comaquilutte.fr\/wp-content\/uploads\/2016\/05\/LLSLIDE.jpg?fit=1400%2C934&ssl=1","contentUrl":"https:\/\/i2.wp.com\/www.comaquilutte.fr\/wp-content\/uploads\/2016\/05\/LLSLIDE.jpg?fit=1400%2C934&ssl=1","width":1400,"height":934},{"@type":"WebPage","@id":"https:\/\/www.comaquilutte.fr\/index.php\/creer-son-club-de-lutte\/#webpage","url":"https:\/\/www.comaquilutte.fr\/index.php\/creer-son-club-de-lutte\/","name":"Cr\u00e9er son club de Lutte -","isPartOf":{"@id":"https:\/\/www.comaquilutte.fr\/#website"},"primaryImageOfPage":{"@id":"https:\/\/www.comaquilutte.fr\/index.php\/creer-son-club-de-lutte\/#primaryimage"},"datePublished":"2016-05-03T11:37:24+00:00","dateModified":"2016-11-03T15:55:23+00:00","breadcrumb":{"@id":"https:\/\/www.comaquilutte.fr\/index.php\/creer-son-club-de-lutte\/#breadcrumb"},"inLanguage":"fr-FR","potentialAction":[{"@type":"ReadAction","target":["https:\/\/www.comaquilutte.fr\/index.php\/creer-son-club-de-lutte\/"]}]},{"@type":"BreadcrumbList","@id":"https:\/\/www.comaquilutte.fr\/index.php\/creer-son-club-de-lutte\/#breadcrumb","itemListElement":[{"@type":"ListItem","position":1,"name":"Accueil","item":"https:\/\/www.comaquilutte.fr\/"},{"@type":"ListItem","position":2,"name":"Cr\u00e9er son club de Lutte"}]}]}},"jetpack_sharing_enabled":true,"jetpack_shortlink":"https:\/\/wp.me\/P7vI72-G","jetpack-related-posts":[{"id":1020,"url":"https:\/\/www.comaquilutte.fr\/index.php\/comite\/","url_meta":{"origin":42,"position":0},"title":"Composition du Comit\u00e9","date":"20 juin 2018","format":false,"excerpt":"La Nouvelle Aquitaine Pr\u00e9sentation \u00a0 Jean Carl Fossati U.S. CENON Pr\u00e9sident Comit\u00e9 Nouvelle Aquitaine de Lutte\u00a0et Disciplines Associ\u00e9es Discipline Lutte \u00a0 \u00a0 Saint-Quentin de Baron Relation Club Discipline Lutte \u00a0 AS Ludon Lutte Tr\u00e9sori\u00e8re Discipline Lutte et Sambo \u00a0 AS LUDON R\u00e9f\u00e9rent 33 Discipline Lutte et Sambo \u00a0 Lionel Sevilla\u2026","rel":"","context":"Article similaire","img":{"alt_text":"","src":"https:\/\/i1.wp.com\/www.comaquilutte.fr\/wp-content\/uploads\/2020\/11\/Ottenwaelter-Didier.png?resize=350%2C200","width":350,"height":200},"classes":[]},{"id":32,"url":"https:\/\/www.comaquilutte.fr\/index.php\/clubs-de-lutte-sambo-grappling\/","url_meta":{"origin":42,"position":1},"title":"Clubs de Lutte \/ Sambo \/ Grappling","date":"3 mai 2016","format":false,"excerpt":"Mise \u00e0 jour : 04\/12\/2017 Clubs CD Discipline 1 Discipline 2 Discipline 3 Pr\u00e9sident Contact Adresse de correspondance T\u00e9l\u00e9phone Mail Ambazac Olympique Judo 87 Sambo Grappling ADAM Mickael FABRE Thierry 5 rue des Crouzillauds 87240 AMBAZAC 0624620514 mickael.unionjudoka@hotmail.com ASPTT Limoges Chaptelat 87 Lutte Grappling THOMAS Robert BERTHOMIER Val\u00e9rie 4 Impasse\u2026","rel":"","context":"Article similaire","img":{"alt_text":"","src":"","width":0,"height":0},"classes":[]},{"id":45,"url":"https:\/\/www.comaquilutte.fr\/index.php\/partenaires-institutionnels\/","url_meta":{"origin":42,"position":2},"title":"Partenaires Institutionnels","date":"3 mai 2016","format":false,"excerpt":"\u00a0 \u00a0 \u00a0 \u00a0 \u00a0","rel":"","context":"Article similaire","img":{"alt_text":"","src":"https:\/\/i0.wp.com\/www.comaquilutte.fr\/wp-content\/uploads\/2021\/03\/DRAJES-NA-1.png?resize=350%2C200&ssl=1","width":350,"height":200},"classes":[]}],"_links":{"self":[{"href":"https:\/\/www.comaquilutte.fr\/index.php\/wp-json\/wp\/v2\/pages\/42","targetHints":{"allow":["GET"]}}],"collection":[{"href":"https:\/\/www.comaquilutte.fr\/index.php\/wp-json\/wp\/v2\/pages"}],"about":[{"href":"https:\/\/www.comaquilutte.fr\/index.php\/wp-json\/wp\/v2\/types\/page"}],"author":[{"embeddable":true,"href":"https:\/\/www.comaquilutte.fr\/index.php\/wp-json\/wp\/v2\/users\/2"}],"replies":[{"embeddable":true,"href":"https:\/\/www.comaquilutte.fr\/index.php\/wp-json\/wp\/v2\/comments?post=42"}],"version-history":[{"count":4,"href":"https:\/\/www.comaquilutte.fr\/index.php\/wp-json\/wp\/v2\/pages\/42\/revisions"}],"predecessor-version":[{"id":433,"href":"https:\/\/www.comaquilutte.fr\/index.php\/wp-json\/wp\/v2\/pages\/42\/revisions\/433"}],"wp:featuredmedia":[{"embeddable":true,"href":"https:\/\/www.comaquilutte.fr\/index.php\/wp-json\/wp\/v2\/media\/191"}],"wp:attachment":[{"href":"https:\/\/www.comaquilutte.fr\/index.php\/wp-json\/wp\/v2\/media?parent=42"}],"curies":[{"name":"wp","href":"https:\/\/api.w.org\/{rel}","templated":true}]}}