{"id":22,"date":"2016-05-02T21:46:09","date_gmt":"2016-05-02T20:46:09","guid":{"rendered":"http:\/\/www.comaquilutte.fr\/?page_id=22"},"modified":"2025-10-21T14:38:05","modified_gmt":"2025-10-21T13:38:05","slug":"composition","status":"publish","type":"page","link":"https:\/\/www.comaquilutte.fr\/index.php\/composition\/","title":{"rendered":"Composition"},"content":{"rendered":"\n<p class=\"has-text-align-left\">Suite \u00e0 l\u2019Assembl\u00e9e G\u00e9n\u00e9rale Elective du 19 novembre 2024, un nouveau Conseil d\u2019Administration a \u00e9t\u00e9 \u00e9lue avec \u00e0 sa pr\u00e9sidence A\u00efcha COLAS.<\/p>\n\n\n\n<div style=\"text-align: left;\">Les membres de ce Conseil d&rsquo;administration sont :<\/div>\n\n\n\n<table style=\"height: 323px; width: 58.711238%;\" border=\"0\" width=\"500\" cellspacing=\"0\" cellpadding=\"0\"><colgroup> <col span=\"2\" width=\"214\" \/><\/colgroup>\n<tbody>\n<tr style=\"height: 25px;\">\n<td class=\"m_2768619744775024359xl67\" style=\"width: 48.790323%; height: 25px;\" width=\"214\" height=\"25\">A\u00efcha COLAS<\/td>\n<td class=\"m_2768619744775024359xl67\" style=\"width: 50.806452%; height: 25px;\" width=\"214\">Pr\u00e9sidente<\/td>\n<\/tr>\n<tr style=\"height: 25px;\">\n<td class=\"m_2768619744775024359xl67\" style=\"width: 48.790323%; height: 25px;\" height=\"25\">Didier OTTENWAELTER<\/td>\n<td class=\"m_2768619744775024359xl67\" style=\"width: 50.806452%; height: 25px;\">Vice-Pr\u00e9sident<\/td>\n<\/tr>\n<tr style=\"height: 25px;\">\n<td class=\"m_2768619744775024359xl67\" style=\"width: 48.790323%; height: 25px;\" height=\"25\">Agn\u00e8s LACAM<\/td>\n<td class=\"m_2768619744775024359xl67\" style=\"width: 50.806452%; height: 25px;\">Secr\u00e9taire &#8211; Responsable CRA<\/td>\n<\/tr>\n<tr style=\"height: 25px;\">\n<td class=\"m_2768619744775024359xl67\" style=\"width: 48.790323%; height: 25px;\" height=\"25\">St\u00e9phanie GOMEZ<\/td>\n<td class=\"m_2768619744775024359xl67\" style=\"width: 50.806452%; height: 25px;\">Tr\u00e9sori\u00e8re<\/td>\n<\/tr>\n<tr style=\"height: 25px;\">\n<td class=\"m_2768619744775024359xl67\" style=\"width: 48.790323%; height: 25px;\" height=\"25\">Michel COMBROUZE<\/td>\n<td class=\"m_2768619744775024359xl67\" style=\"width: 50.806452%; height: 25px;\">Membre<\/td>\n<\/tr>\n<tr style=\"height: 22px;\">\n<td style=\"width: 48.790323%; height: 22px;\">Pierre-Yves FERRER<\/td>\n<td style=\"width: 50.806452%; height: 22px;\">Membre &#8211; Responsable Grappling<\/td>\n<\/tr>\n<tr style=\"height: 25px;\">\n<td class=\"m_2768619744775024359xl67\" style=\"width: 48.790323%; height: 25px;\" height=\"25\">J\u00e9r\u00f4me LABORIE<\/td>\n<td class=\"m_2768619744775024359xl67\" style=\"width: 50.806452%; height: 25px;\">Membre &#8211; Responsable Sambo<\/td>\n<\/tr>\n<tr style=\"height: 22px;\">\n<td style=\"width: 48.790323%; height: 22px;\">Laetitia MAZIERES<\/td>\n<td style=\"width: 50.806452%; height: 22px;\">Membre<\/td>\n<\/tr>\n<tr style=\"height: 25px;\">\n<td class=\"m_2768619744775024359xl67\" style=\"width: 48.790323%; height: 25px;\" height=\"25\">Jean-Jacques MERCADIEU<\/td>\n<td class=\"m_2768619744775024359xl67\" style=\"width: 50.806452%; height: 25px;\">Membre<\/td>\n<\/tr>\n<tr style=\"height: 25px;\">\n<td class=\"m_2768619744775024359xl67\" style=\"width: 48.790323%; height: 25px;\" height=\"25\">Patrick PANISSET<\/td>\n<td class=\"m_2768619744775024359xl67\" style=\"width: 50.806452%; height: 25px;\">Membre &#8211; Pr\u00e9sident CD 33<\/td>\n<\/tr>\n<tr style=\"height: 25px;\">\n<td class=\"m_2768619744775024359xl67\" style=\"width: 48.790323%; height: 25px;\" height=\"25\">Lionel SEVILLA<\/td>\n<td class=\"m_2768619744775024359xl67\" style=\"width: 50.806452%; height: 25px;\">Membre &#8211; Pr\u00e9sident CD 64<\/td>\n<\/tr>\n<tr style=\"height: 25px;\">\n<td class=\"m_2768619744775024359xl67\" style=\"width: 48.790323%; height: 25px;\" height=\"25\">Ludovic VILLESOT<\/td>\n<td class=\"m_2768619744775024359xl67\" style=\"width: 50.806452%; height: 25px;\">Membre &#8211; Pr\u00e9sident CD 87<\/td>\n<\/tr>\n<tr style=\"height: 29px;\">\n<td style=\"width: 48.790323%; height: 29px;\">Lilian CHIRAIN<\/td>\n<td style=\"width: 50.806452%; height: 29px;\">Conseiller Technique National<\/td>\n<\/tr>\n<\/tbody>\n<\/table>\n<p><img loading=\"lazy\" decoding=\"async\" data-attachment-id=\"5871\" data-permalink=\"https:\/\/www.comaquilutte.fr\/index.php\/composition\/organigramme-2\/\" data-orig-file=\"https:\/\/i0.wp.com\/www.comaquilutte.fr\/wp-content\/uploads\/2025\/10\/Organigramme-scaled.jpg?fit=1810%2C2560&amp;ssl=1\" data-orig-size=\"1810,2560\" data-comments-opened=\"0\" data-image-meta=\"{&quot;aperture&quot;:&quot;0&quot;,&quot;credit&quot;:&quot;&quot;,&quot;camera&quot;:&quot;&quot;,&quot;caption&quot;:&quot;&quot;,&quot;created_timestamp&quot;:&quot;0&quot;,&quot;copyright&quot;:&quot;&quot;,&quot;focal_length&quot;:&quot;0&quot;,&quot;iso&quot;:&quot;0&quot;,&quot;shutter_speed&quot;:&quot;0&quot;,&quot;title&quot;:&quot;&quot;,&quot;orientation&quot;:&quot;1&quot;}\" data-image-title=\"Organigramme\" data-image-description=\"\" data-image-caption=\"\" data-medium-file=\"https:\/\/i0.wp.com\/www.comaquilutte.fr\/wp-content\/uploads\/2025\/10\/Organigramme-scaled.jpg?fit=212%2C300&amp;ssl=1\" data-large-file=\"https:\/\/i0.wp.com\/www.comaquilutte.fr\/wp-content\/uploads\/2025\/10\/Organigramme-scaled.jpg?fit=724%2C1024&amp;ssl=1\" class=\"alignnone  wp-image-5871\" src=\"https:\/\/i2.wp.com\/www.comaquilutte.fr\/wp-content\/uploads\/2025\/10\/Organigramme.jpg?resize=518%2C733&#038;ssl=1\" alt=\"\" width=\"518\" height=\"733\" srcset=\"https:\/\/i0.wp.com\/www.comaquilutte.fr\/wp-content\/uploads\/2025\/10\/Organigramme-scaled.jpg?resize=212%2C300&amp;ssl=1 212w, https:\/\/i0.wp.com\/www.comaquilutte.fr\/wp-content\/uploads\/2025\/10\/Organigramme-scaled.jpg?resize=724%2C1024&amp;ssl=1 724w, https:\/\/i0.wp.com\/www.comaquilutte.fr\/wp-content\/uploads\/2025\/10\/Organigramme-scaled.jpg?resize=768%2C1086&amp;ssl=1 768w, https:\/\/i0.wp.com\/www.comaquilutte.fr\/wp-content\/uploads\/2025\/10\/Organigramme-scaled.jpg?resize=1086%2C1536&amp;ssl=1 1086w, https:\/\/i0.wp.com\/www.comaquilutte.fr\/wp-content\/uploads\/2025\/10\/Organigramme-scaled.jpg?resize=1448%2C2048&amp;ssl=1 1448w, https:\/\/i0.wp.com\/www.comaquilutte.fr\/wp-content\/uploads\/2025\/10\/Organigramme-scaled.jpg?resize=1024%2C1448&amp;ssl=1 1024w, https:\/\/i0.wp.com\/www.comaquilutte.fr\/wp-content\/uploads\/2025\/10\/Organigramme-scaled.jpg?resize=764%2C1080&amp;ssl=1 764w, https:\/\/i0.wp.com\/www.comaquilutte.fr\/wp-content\/uploads\/2025\/10\/Organigramme-scaled.jpg?w=1810&amp;ssl=1 1810w\" sizes=\"auto, (max-width: 518px) 100vw, 518px\" data-recalc-dims=\"1\" \/><\/p>\n\n\n","protected":false},"excerpt":{"rendered":"<p>Suite \u00e0 l\u2019Assembl\u00e9e G\u00e9n\u00e9rale Elective du 19 novembre 2024, un nouveau Conseil d\u2019Administration a \u00e9t\u00e9 \u00e9lue avec \u00e0 sa pr\u00e9sidence A\u00efcha COLAS. Les membres de ce Conseil d&rsquo;administration sont : A\u00efcha COLAS Pr\u00e9sidente Didier OTTENWAELTER Vice-Pr\u00e9sident Agn\u00e8s LACAM Secr\u00e9taire &#8211; Responsable CRA St\u00e9phanie GOMEZ Tr\u00e9sori\u00e8re Michel COMBROUZE Membre Pierre-Yves FERRER Membre &#8211; Responsable Grappling J\u00e9r\u00f4me&hellip; <br \/> <a class=\"read-more\" href=\"https:\/\/www.comaquilutte.fr\/index.php\/composition\/\">Lire la suite<\/a><\/p>\n","protected":false},"author":2,"featured_media":0,"parent":0,"menu_order":0,"comment_status":"closed","ping_status":"closed","template":"","meta":{"spay_email":"","footnotes":""},"class_list":["post-22","page","type-page","status-publish","hentry"],"yoast_head":"<!-- This site is optimized with the Yoast SEO plugin v17.8 - https:\/\/yoast.com\/wordpress\/plugins\/seo\/ -->\n<title>Composition -<\/title>\n<meta name=\"robots\" content=\"index, follow, max-snippet:-1, max-image-preview:large, max-video-preview:-1\" \/>\n<link rel=\"canonical\" href=\"https:\/\/www.comaquilutte.fr\/index.php\/composition\/\" \/>\n<meta property=\"og:locale\" content=\"fr_FR\" \/>\n<meta property=\"og:type\" content=\"article\" \/>\n<meta property=\"og:title\" content=\"Composition -\" \/>\n<meta property=\"og:description\" content=\"Suite \u00e0 l\u2019Assembl\u00e9e G\u00e9n\u00e9rale Elective du 19 novembre 2024, un nouveau Conseil d\u2019Administration a \u00e9t\u00e9 \u00e9lue avec \u00e0 sa pr\u00e9sidence A\u00efcha COLAS. Les membres de ce Conseil d&rsquo;administration sont : A\u00efcha COLAS Pr\u00e9sidente Didier OTTENWAELTER Vice-Pr\u00e9sident Agn\u00e8s LACAM Secr\u00e9taire &#8211; Responsable CRA St\u00e9phanie GOMEZ Tr\u00e9sori\u00e8re Michel COMBROUZE Membre Pierre-Yves FERRER Membre &#8211; Responsable Grappling J\u00e9r\u00f4me&hellip; Lire la suite\" \/>\n<meta property=\"og:url\" content=\"https:\/\/www.comaquilutte.fr\/index.php\/composition\/\" \/>\n<meta property=\"article:modified_time\" content=\"2025-10-21T13:38:05+00:00\" \/>\n<meta property=\"og:image\" content=\"https:\/\/www.comaquilutte.fr\/wp-content\/uploads\/2025\/10\/Organigramme-212x300.jpg\" \/>\n<meta name=\"twitter:card\" content=\"summary\" \/>\n<meta name=\"twitter:label1\" content=\"Dur\u00e9e de lecture estim\u00e9e\" \/>\n\t<meta name=\"twitter:data1\" content=\"1 minute\" \/>\n<script type=\"application\/ld+json\" class=\"yoast-schema-graph\">{\"@context\":\"https:\/\/schema.org\",\"@graph\":[{\"@type\":\"WebSite\",\"@id\":\"https:\/\/www.comaquilutte.fr\/#website\",\"url\":\"https:\/\/www.comaquilutte.fr\/\",\"name\":\"\",\"description\":\"Comit\\u00e9 R\\u00e9gional Nouvelle Aquitaine\",\"potentialAction\":[{\"@type\":\"SearchAction\",\"target\":{\"@type\":\"EntryPoint\",\"urlTemplate\":\"https:\/\/www.comaquilutte.fr\/?s={search_term_string}\"},\"query-input\":\"required name=search_term_string\"}],\"inLanguage\":\"fr-FR\"},{\"@type\":\"ImageObject\",\"@id\":\"https:\/\/www.comaquilutte.fr\/index.php\/composition\/#primaryimage\",\"inLanguage\":\"fr-FR\",\"url\":\"https:\/\/i0.wp.com\/www.comaquilutte.fr\/wp-content\/uploads\/2025\/10\/Organigramme-scaled.jpg?fit=1810%2C2560&ssl=1\",\"contentUrl\":\"https:\/\/i0.wp.com\/www.comaquilutte.fr\/wp-content\/uploads\/2025\/10\/Organigramme-scaled.jpg?fit=1810%2C2560&ssl=1\",\"width\":1810,\"height\":2560},{\"@type\":\"WebPage\",\"@id\":\"https:\/\/www.comaquilutte.fr\/index.php\/composition\/#webpage\",\"url\":\"https:\/\/www.comaquilutte.fr\/index.php\/composition\/\",\"name\":\"Composition -\",\"isPartOf\":{\"@id\":\"https:\/\/www.comaquilutte.fr\/#website\"},\"primaryImageOfPage\":{\"@id\":\"https:\/\/www.comaquilutte.fr\/index.php\/composition\/#primaryimage\"},\"datePublished\":\"2016-05-02T20:46:09+00:00\",\"dateModified\":\"2025-10-21T13:38:05+00:00\",\"breadcrumb\":{\"@id\":\"https:\/\/www.comaquilutte.fr\/index.php\/composition\/#breadcrumb\"},\"inLanguage\":\"fr-FR\",\"potentialAction\":[{\"@type\":\"ReadAction\",\"target\":[\"https:\/\/www.comaquilutte.fr\/index.php\/composition\/\"]}]},{\"@type\":\"BreadcrumbList\",\"@id\":\"https:\/\/www.comaquilutte.fr\/index.php\/composition\/#breadcrumb\",\"itemListElement\":[{\"@type\":\"ListItem\",\"position\":1,\"name\":\"Accueil\",\"item\":\"https:\/\/www.comaquilutte.fr\/\"},{\"@type\":\"ListItem\",\"position\":2,\"name\":\"Composition\"}]}]}<\/script>\n<!-- \/ Yoast SEO plugin. -->","yoast_head_json":{"title":"Composition -","robots":{"index":"index","follow":"follow","max-snippet":"max-snippet:-1","max-image-preview":"max-image-preview:large","max-video-preview":"max-video-preview:-1"},"canonical":"https:\/\/www.comaquilutte.fr\/index.php\/composition\/","og_locale":"fr_FR","og_type":"article","og_title":"Composition -","og_description":"Suite \u00e0 l\u2019Assembl\u00e9e G\u00e9n\u00e9rale Elective du 19 novembre 2024, un nouveau Conseil d\u2019Administration a \u00e9t\u00e9 \u00e9lue avec \u00e0 sa pr\u00e9sidence A\u00efcha COLAS. Les membres de ce Conseil d&rsquo;administration sont : A\u00efcha COLAS Pr\u00e9sidente Didier OTTENWAELTER Vice-Pr\u00e9sident Agn\u00e8s LACAM Secr\u00e9taire &#8211; Responsable CRA St\u00e9phanie GOMEZ Tr\u00e9sori\u00e8re Michel COMBROUZE Membre Pierre-Yves FERRER Membre &#8211; Responsable Grappling J\u00e9r\u00f4me&hellip; Lire la suite","og_url":"https:\/\/www.comaquilutte.fr\/index.php\/composition\/","article_modified_time":"2025-10-21T13:38:05+00:00","og_image":[{"url":"https:\/\/www.comaquilutte.fr\/wp-content\/uploads\/2025\/10\/Organigramme-212x300.jpg"}],"twitter_card":"summary","twitter_misc":{"Dur\u00e9e de lecture estim\u00e9e":"1 minute"},"schema":{"@context":"https:\/\/schema.org","@graph":[{"@type":"WebSite","@id":"https:\/\/www.comaquilutte.fr\/#website","url":"https:\/\/www.comaquilutte.fr\/","name":"","description":"Comit\u00e9 R\u00e9gional Nouvelle Aquitaine","potentialAction":[{"@type":"SearchAction","target":{"@type":"EntryPoint","urlTemplate":"https:\/\/www.comaquilutte.fr\/?s={search_term_string}"},"query-input":"required name=search_term_string"}],"inLanguage":"fr-FR"},{"@type":"ImageObject","@id":"https:\/\/www.comaquilutte.fr\/index.php\/composition\/#primaryimage","inLanguage":"fr-FR","url":"https:\/\/i0.wp.com\/www.comaquilutte.fr\/wp-content\/uploads\/2025\/10\/Organigramme-scaled.jpg?fit=1810%2C2560&ssl=1","contentUrl":"https:\/\/i0.wp.com\/www.comaquilutte.fr\/wp-content\/uploads\/2025\/10\/Organigramme-scaled.jpg?fit=1810%2C2560&ssl=1","width":1810,"height":2560},{"@type":"WebPage","@id":"https:\/\/www.comaquilutte.fr\/index.php\/composition\/#webpage","url":"https:\/\/www.comaquilutte.fr\/index.php\/composition\/","name":"Composition -","isPartOf":{"@id":"https:\/\/www.comaquilutte.fr\/#website"},"primaryImageOfPage":{"@id":"https:\/\/www.comaquilutte.fr\/index.php\/composition\/#primaryimage"},"datePublished":"2016-05-02T20:46:09+00:00","dateModified":"2025-10-21T13:38:05+00:00","breadcrumb":{"@id":"https:\/\/www.comaquilutte.fr\/index.php\/composition\/#breadcrumb"},"inLanguage":"fr-FR","potentialAction":[{"@type":"ReadAction","target":["https:\/\/www.comaquilutte.fr\/index.php\/composition\/"]}]},{"@type":"BreadcrumbList","@id":"https:\/\/www.comaquilutte.fr\/index.php\/composition\/#breadcrumb","itemListElement":[{"@type":"ListItem","position":1,"name":"Accueil","item":"https:\/\/www.comaquilutte.fr\/"},{"@type":"ListItem","position":2,"name":"Composition"}]}]}},"jetpack_sharing_enabled":true,"jetpack_shortlink":"https:\/\/wp.me\/P7vI72-m","jetpack-related-posts":[],"_links":{"self":[{"href":"https:\/\/www.comaquilutte.fr\/index.php\/wp-json\/wp\/v2\/pages\/22","targetHints":{"allow":["GET"]}}],"collection":[{"href":"https:\/\/www.comaquilutte.fr\/index.php\/wp-json\/wp\/v2\/pages"}],"about":[{"href":"https:\/\/www.comaquilutte.fr\/index.php\/wp-json\/wp\/v2\/types\/page"}],"author":[{"embeddable":true,"href":"https:\/\/www.comaquilutte.fr\/index.php\/wp-json\/wp\/v2\/users\/2"}],"replies":[{"embeddable":true,"href":"https:\/\/www.comaquilutte.fr\/index.php\/wp-json\/wp\/v2\/comments?post=22"}],"version-history":[{"count":13,"href":"https:\/\/www.comaquilutte.fr\/index.php\/wp-json\/wp\/v2\/pages\/22\/revisions"}],"predecessor-version":[{"id":5872,"href":"https:\/\/www.comaquilutte.fr\/index.php\/wp-json\/wp\/v2\/pages\/22\/revisions\/5872"}],"wp:attachment":[{"href":"https:\/\/www.comaquilutte.fr\/index.php\/wp-json\/wp\/v2\/media?parent=22"}],"curies":[{"name":"wp","href":"https:\/\/api.w.org\/{rel}","templated":true}]}}